se 4, what is -13311 - 221023?
-301000
In base 3, what is -12 + -1101011010?
-1101011022
In base 13, what is 189b270 - 1?
189b26c
In base 14, what is 3bc - 3d?
37d
In base 11, what is 12 + 659?
670
In base 14, what is 4 + 66d2?
66d6
In base 13, what is 494 + aa?
571
In base 16, what is -63e7c + -7?
-63e83
In base 6, what is -11054 - -342?
-10312
In base 14, what is -1383 + 8?
-1379
In base 3, what is -2 + -2200022011?
-2200022020
In base 9, what is -2441 + -31?
-2472
In base 6, what is 250 - 533?
-243
In base 2, what is 10 + 1110110010?
1110110100
In base 14, what is 5336 + -10b?
5229
In base 6, what is 451244 - 3?
451241
In base 12, what is -445b7 - 3?
-445ba
In base 11, what is 154 - -119?
272
In base 4, what is 120013 + -3?
120010
In base 16, what is 2b1e3 - -5?
2b1e8
In base 14, what is -5240 - 15?
-5255
In base 16, what is -8be - 3b?
-8f9
In base 7, what is -415110 - 13?
-415123
In base 12, what is 8790 - a?
8782
In base 8, what is -6447 + 117?
-6330
In base 4, what is -3013132 + -100?
-3013232
In base 4, what is 101321 + 2100?
110021
In base 12, what is 24 - -5ab1?
5b15
In base 11, what is -966 - -89?
-888
In base 13, what is -4 + -510a?
-5111
In base 6, what is 125242 - 1405?
123433
In base 9, what is -31854 + -1?
-31855
In base 7, what is -12 - -10415?
10403
In base 12, what is 42190 + 29?
421b9
In base 4, what is 10 + -320300020?
-320300010
In base 3, what is 10 + 100021100?
100021110
In base 3, what is -12 - 10201020102?
-10201020121
In base 11, what is -449 - 188a?
-2228
In base 12, what is -34a597 + -1?
-34a598
In base 10, what is -7 - -462297?
462290
In base 12, what is -11318 - 10?
-11328
In base 9, what is 76040 - 28?
76011
In base 15, what is 2c9c + 4?
2ca1
In base 13, what is -7aa7 + -4?
-7aab
In base 7, what is 5 - 1103455?
-1103450
In base 4, what is -11 + 3202131?
3202120
In base 13, what is -5 - 7503?
-7508
In base 9, what is -16633 + -103?
-16736
In base 3, what is -2021 - -1202210?
1200112
In base 6, what is 14 - 23320?
-23302
In base 5, what is -3 + 33031220?
33031212
In base 3, what is -20100 - -122100?
102000
In base 9, what is -4 + -21538?
-21543
In base 15, what is -16683 - 3?
-16686
In base 14, what is 12c6 - 7?
12bd
In base 5, what is 420124 + -2114?
413010
In base 9, what is 4062 + 22?
4084
In base 3, what is -1101110 - 1112202?
-2221012
In base 6, what is 113 + 20053?
20210
In base 16, what is -55 - 1f1d?
-1f72
In base 12, what is 913 - -3?
916
In base 13, what is 3 + 8a7?
8aa
In base 2, what is 10 - -10111010100?
10111010110
In base 8, what is 17252 + -222?
17030
In base 15, what is a217 - 2?
a215
In base 14, what is -1838 + -2c?
-1866
In base 16, what is 1a + -e0?
-c6
In base 11, what is -29 + 9a8?
97a
In base 9, what is -127086 + -6?
-127103
In base 15, what is -c - -5ca?
5bd
In base 7, what is -202164 - -13?
-202151
In base 10, what is -1904 + 6?
-1898
In base 7, what is -105 - -11313?
11205
In base 16, what is -8 - -471e0?
471d8
In base 16, what is 3 + 23114?
23117
In base 12, what is 174 - 254?
-a0
In base 6, what is 0 + 15002?
15002
In base 5, what is -10121 - 22041?
-32212
In base 12, what is 2 - 80a0?
-809a
In base 6, what is -1110524 + -121?
-1111045
In base 8, what is -17 - 762?
-1001
In base 10, what is -209104 + -6?
-209110
In base 5, what is -312023040 + -3?
-312023043
In base 13, what is 281b7 + -4?
281b3
In base 8, what is -1 - -22143?
22142
In base 15, what is -6 - -21767?
21761
In base 12, what is -b74 + 15b?
-a15
In base 7, what is -24 + -16033?
-16060
In base 5, what is 1 + -110340002?
-110340001
In base 15, what is -2628 - -92?
-2586
In base 2, what is 100111011000000001001 - 101?
100111011000000000100
In base 5, what is 4002 - -1302?
10304
In base 15, what is 0 - -471ea?
471ea
In base 5, what is -10 + 13122402?
13122342
In base 10, what is -5 - -6742?
6737
In base 12, what is -10 - 1a77?
-1a87
In base 2, what is 11110010000001111110 + 100?
11110010000010000010
In base 6, what is 14332 + -213?
14115
In base 12, what is 22 + 1466?
1488
In base 4, what is 111231 + 101103?
213000
In base 8, what is 667 - 120?
547
In base 10, what is 112 - 721?
-609
In base 11, what is 4 + a90022?
a90026
In base 3, what is 211 + 1112102?
1120020
In base 6, what is 23 + -225525?
-225502
In base 14, what is -543d - 1?
-5440
In base 12, what is 4b4a + -89?
4a81
In base 8, what is -561 + 4176?
3415
In base 2, what is -111100011100111 - -10001?
-111100011010110
In base 5, what is 13 + 3113303?
3113321
In base 7, what is -2335511 + -2?
-2335513
In base 3, what is 202201220001 - -12?
202201220020
In base 11, what is -2568a5 - 4?
-2568a9
In base 15, what is -15 - 1c25?
-1c3a
In base 5, what is 34202 + -1443?
32204
In base 4, what is -112 - 10211130?
-10211302
In base 13, what is -3a1 + 117?
-287
In base 5, what is -10 + -202132?
-202142
In base 12, what is -176 - 62?
-218
In base 13, what is 90 - -400?
490
In base 16, what is 0 + 5f2?
5f2
In base 12, what is 2 + -13932?
-13930
In base 8, what is 100 + -50322?
-50222
In base 9, what is -62660 - 5?
-62665
In base 4, what is 13 + -100221000?
-100220321
In base 16, what is b374 - 4?
b370
In base 16, what is -18 - b00?
-b18
In base 13, what is -bc - -82a2?
81b3
In base 5, what is 20103204 - 4?
20103200
In base 13, what is 4 - -43256?
4325a
In base 14, what is 2b99 - b0?
2ac9
In base 3, what is 211202211112 - -2?
211202211121
In base 4, what is -2 - -2211001?
2210333
In base 14, what is -4 + 28ca?
28c6
In base 7, what is 0 + -2015325?
-2015325
In base 15, what is -7d8 - 2?
-7da
In base 15, what is a - 330e8?
-330dd
In base 12, what is 33 + -257a?
-2547
In base 11, what is 3a9674 - 5?
3a966a
In base 12, what is 3 + -1b070a?
-1b0707
In base 15, what is 153 + -6d7?
-584
In base 7, what is 11212 + -3?
11206
In base 8, what is -22 + -1054?
-1076
In base 9, what is -665 - 142?
-817
In base 16, what is 8 - 7006?
-6ffe
In base 3, what is 12012001 - 0?
12012001
In base 15, what is 10 - -d850?
d860
In base 5, what is -1041 - 24033?
-30124
In base 2, what is -1010000110001 + -111100?
-1010001101101
In base 6, what is -101120 - 42?
-101202
In base 13, what is -2 + c9ac?
c9aa
In base 6, what is 205303 - 4?
205255
In base 13, what is -162 - -23?
-13c
In base 7, what is -5643 + -14?
-5660
In base 15, what is -68ed + -1?
-68ee
In base 12, what is -1249b + -1?
-124a0
In base 10, what is -965 + 55?
-910
In base 16, what is -1 + e672?
e671
In base 4, what is 330230 - -123?
331013
In base 2, what is -10110 + -100001?
-110111
In base 13, what is 216504 - 1?
216503
In base 13, what is -3718 - 0?
-3718
In base 11, what is 2660 - 15?
2646
In base 13, what is -112 - 198?
-2aa
In base 16, what is 2 - 20865?
-20863
In base 16, what is -13 - -4885?
4872
In base 11, what is 4501 + -20?
4491
In base 15, what is -1a0 + -e0?
-290
In base 6, what is 3 - 21213?
-21210
In base 3, what is -120 - 111200?
-112020
In base 13, what is 1 + b08c9?
b08ca
In base 7, what is 1336 + -123?
1213
In base 3, what is -121 - 1020020102?
-1020021000
In base 15, what is -117 - -9a5?
88d
In base 10, what is 136 + -1042?
-906
In base 12, what is -93 + 716?
643
In base 15, what is -5 - 1c872?
-1c877
In base 6, what is 55 + 22321?
22420
In base 13, what is 2 - 2a14b?
-2a149
In base 11, what is 1 + -3322?
-3321
In base 2, what is 1011110010 + 10010110110?
11110101000
In base 15, what is e + 1739?
1748
In base 6, what is -2532 + -124?
-3100
In base 8, what is 72061 - -7?
72070
In base 10, what is 2 - 154660?
-154658
In base 4, what is 1 - 110010000?
-110003333
In base 2, what is 1010110111010 + 1010?
1010111000100
In base 8, what is 1 + -3213160?
-3213157
In base 7, what is 11454 + -521?
10633
In base 5, what is 4 + -14210334?
-14210330
In base 7, what is -1 - -252466?
252465
In base 6, what is -42132 - -1042?
-41050
In base 10, what is 1 - -11636?
11637
In base 12, what is -24 + 163?
13b
In base 8, what is -1154 + -34?
-1210
In base 9, what is -4163 - -77?
-4075
In base 2, what is 1 + -1000001111010?
-1000001111001
In base 14, what is -5 - 8786?
-878b
In base 7, what is -2 - 1401601?
-1401603
In base 7, what is 116444 - 46?
116365
In base 7, what is -36010 + 53?
-35624
In base 4, what is 10022230 + -23?
10022201
In base 12, what is 94 - -7b0?
884
In base 3, what is -11101 + 1012010022?
1011221221
In base 3, what is -11 - 1020221